{"id":933,"date":"2026-02-26T11:46:45","date_gmt":"2026-02-26T11:46:45","guid":{"rendered":"https:\/\/botalico.com\/?post_type=product&#038;p=933"},"modified":"2026-02-26T12:01:21","modified_gmt":"2026-02-26T12:01:21","slug":"planta-de-alamo-negro-populus-nigra","status":"publish","type":"product","link":"https:\/\/botalico.com\/index.php\/producto\/planta-de-alamo-negro-populus-nigra\/","title":{"rendered":"Planta de \u00c1lamo negro | Populus nigra"},"content":{"rendered":"<p>El <strong data-start=\"92\" data-end=\"107\">\u00c1lamo negro<\/strong> (<em data-start=\"109\" data-end=\"124\">Populus nigra<\/em>) es un \u00e1rbol de crecimiento r\u00e1pido muy com\u00fan en riberas de r\u00edos y zonas h\u00famedas. Tiene un tronco recto, corteza oscura y hojas verdes con forma triangular o romboidal que se mueven f\u00e1cilmente con el viento.<\/p>\n","protected":false},"excerpt":{"rendered":"<p>El \u00c1lamo negro (Populus nigra) es un \u00e1rbol de crecimiento r\u00e1pido muy com\u00fan en riberas de r\u00edos y zonas h\u00famedas. Tiene un tronco recto, corteza oscura y hojas verdes con forma triangular o romboidal que se mueven f\u00e1cilmente con el viento.<\/p>\n","protected":false},"featured_media":947,"comment_status":"open","ping_status":"closed","template":"","meta":{"_et_pb_use_builder":"","_et_pb_old_content":"","_et_gb_content_width":""},"product_brand":[],"product_cat":[15],"product_tag":[],"class_list":{"0":"post-933","1":"product","2":"type-product","3":"status-publish","4":"has-post-thumbnail","6":"product_cat-sin-categorizar","8":"first","9":"instock","10":"shipping-taxable","11":"purchasable","12":"product-type-simple"},"jetpack_sharing_enabled":true,"_links":{"self":[{"href":"https:\/\/botalico.com\/index.php\/wp-json\/wp\/v2\/product\/933","targetHints":{"allow":["GET"]}}],"collection":[{"href":"https:\/\/botalico.com\/index.php\/wp-json\/wp\/v2\/product"}],"about":[{"href":"https:\/\/botalico.com\/index.php\/wp-json\/wp\/v2\/types\/product"}],"replies":[{"embeddable":true,"href":"https:\/\/botalico.com\/index.php\/wp-json\/wp\/v2\/comments?post=933"}],"wp:featuredmedia":[{"embeddable":true,"href":"https:\/\/botalico.com\/index.php\/wp-json\/wp\/v2\/media\/947"}],"wp:attachment":[{"href":"https:\/\/botalico.com\/index.php\/wp-json\/wp\/v2\/media?parent=933"}],"wp:term":[{"taxonomy":"product_brand","embeddable":true,"href":"https:\/\/botalico.com\/index.php\/wp-json\/wp\/v2\/product_brand?post=933"},{"taxonomy":"product_cat","embeddable":true,"href":"https:\/\/botalico.com\/index.php\/wp-json\/wp\/v2\/product_cat?post=933"},{"taxonomy":"product_tag","embeddable":true,"href":"https:\/\/botalico.com\/index.php\/wp-json\/wp\/v2\/product_tag?post=933"}],"curies":[{"name":"wp","href":"https:\/\/api.w.org\/{rel}","templated":true}]}}