{"id":929,"date":"2026-02-26T11:46:44","date_gmt":"2026-02-26T11:46:44","guid":{"rendered":"https:\/\/botalico.com\/?post_type=product&#038;p=929"},"modified":"2026-02-26T12:08:39","modified_gmt":"2026-02-26T12:08:39","slug":"planta-de-argana-brezo-erica-cinerea-carpaza","status":"publish","type":"product","link":"https:\/\/botalico.com\/index.php\/producto\/planta-de-argana-brezo-erica-cinerea-carpaza\/","title":{"rendered":"Planta de arga\u00f1a, brezo | Erica cinerea carpaza"},"content":{"rendered":"<p>El <strong data-start=\"97\" data-end=\"115\">Arga\u00f1a o Brezo<\/strong> (<em data-start=\"117\" data-end=\"132\">Erica cinerea<\/em>) es un arbusto peque\u00f1o y muy ramificado, t\u00edpico de zonas europeas y mediterr\u00e1neas. Sus <strong data-start=\"220\" data-end=\"258\">flores moradas en forma de campana<\/strong> destacan en primavera y verano sobre hojas finas y verdes.<\/p>\n","protected":false},"excerpt":{"rendered":"<p>El Arga\u00f1a o Brezo (Erica cinerea) es un arbusto peque\u00f1o y muy ramificado, t\u00edpico de zonas europeas y mediterr\u00e1neas. Sus flores moradas en forma de campana destacan en primavera y verano sobre hojas finas y verdes.<\/p>\n","protected":false},"featured_media":963,"comment_status":"open","ping_status":"closed","template":"","meta":{"_et_pb_use_builder":"","_et_pb_old_content":"","_et_gb_content_width":""},"product_brand":[],"product_cat":[15],"product_tag":[],"class_list":{"0":"post-929","1":"product","2":"type-product","3":"status-publish","4":"has-post-thumbnail","6":"product_cat-sin-categorizar","8":"first","9":"instock","10":"shipping-taxable","11":"purchasable","12":"product-type-simple"},"jetpack_sharing_enabled":true,"_links":{"self":[{"href":"https:\/\/botalico.com\/index.php\/wp-json\/wp\/v2\/product\/929","targetHints":{"allow":["GET"]}}],"collection":[{"href":"https:\/\/botalico.com\/index.php\/wp-json\/wp\/v2\/product"}],"about":[{"href":"https:\/\/botalico.com\/index.php\/wp-json\/wp\/v2\/types\/product"}],"replies":[{"embeddable":true,"href":"https:\/\/botalico.com\/index.php\/wp-json\/wp\/v2\/comments?post=929"}],"wp:featuredmedia":[{"embeddable":true,"href":"https:\/\/botalico.com\/index.php\/wp-json\/wp\/v2\/media\/963"}],"wp:attachment":[{"href":"https:\/\/botalico.com\/index.php\/wp-json\/wp\/v2\/media?parent=929"}],"wp:term":[{"taxonomy":"product_brand","embeddable":true,"href":"https:\/\/botalico.com\/index.php\/wp-json\/wp\/v2\/product_brand?post=929"},{"taxonomy":"product_cat","embeddable":true,"href":"https:\/\/botalico.com\/index.php\/wp-json\/wp\/v2\/product_cat?post=929"},{"taxonomy":"product_tag","embeddable":true,"href":"https:\/\/botalico.com\/index.php\/wp-json\/wp\/v2\/product_tag?post=929"}],"curies":[{"name":"wp","href":"https:\/\/api.w.org\/{rel}","templated":true}]}}