{"id":924,"date":"2026-02-26T11:46:44","date_gmt":"2026-02-26T11:46:44","guid":{"rendered":"https:\/\/botalico.com\/?post_type=product&#038;p=924"},"modified":"2026-02-26T12:07:27","modified_gmt":"2026-02-26T12:07:27","slug":"planta-de-zarzaparrilla-smilax-aspera","status":"publish","type":"product","link":"https:\/\/botalico.com\/index.php\/producto\/planta-de-zarzaparrilla-smilax-aspera\/","title":{"rendered":"Planta de Zarzaparrilla | Smilax aspera"},"content":{"rendered":"<p>La <strong data-start=\"96\" data-end=\"113\">Zarzaparrilla<\/strong> (<em data-start=\"115\" data-end=\"130\">Smilax aspera<\/em>) es una planta trepadora perenne con tallos espinosos y hojas verdes brillantes. Produce peque\u00f1os frutos rojizos y es muy resistente, creciendo r\u00e1pido en climas mediterr\u00e1neos.<\/p>\n","protected":false},"excerpt":{"rendered":"<p>La Zarzaparrilla (Smilax aspera) es una planta trepadora perenne con tallos espinosos y hojas verdes brillantes. Produce peque\u00f1os frutos rojizos y es muy resistente, creciendo r\u00e1pido en climas mediterr\u00e1neos.<\/p>\n","protected":false},"featured_media":960,"comment_status":"open","ping_status":"closed","template":"","meta":{"_et_pb_use_builder":"","_et_pb_old_content":"","_et_gb_content_width":""},"product_brand":[],"product_cat":[15],"product_tag":[],"class_list":{"0":"post-924","1":"product","2":"type-product","3":"status-publish","4":"has-post-thumbnail","6":"product_cat-sin-categorizar","8":"first","9":"instock","10":"shipping-taxable","11":"purchasable","12":"product-type-simple"},"jetpack_sharing_enabled":true,"_links":{"self":[{"href":"https:\/\/botalico.com\/index.php\/wp-json\/wp\/v2\/product\/924","targetHints":{"allow":["GET"]}}],"collection":[{"href":"https:\/\/botalico.com\/index.php\/wp-json\/wp\/v2\/product"}],"about":[{"href":"https:\/\/botalico.com\/index.php\/wp-json\/wp\/v2\/types\/product"}],"replies":[{"embeddable":true,"href":"https:\/\/botalico.com\/index.php\/wp-json\/wp\/v2\/comments?post=924"}],"wp:featuredmedia":[{"embeddable":true,"href":"https:\/\/botalico.com\/index.php\/wp-json\/wp\/v2\/media\/960"}],"wp:attachment":[{"href":"https:\/\/botalico.com\/index.php\/wp-json\/wp\/v2\/media?parent=924"}],"wp:term":[{"taxonomy":"product_brand","embeddable":true,"href":"https:\/\/botalico.com\/index.php\/wp-json\/wp\/v2\/product_brand?post=924"},{"taxonomy":"product_cat","embeddable":true,"href":"https:\/\/botalico.com\/index.php\/wp-json\/wp\/v2\/product_cat?post=924"},{"taxonomy":"product_tag","embeddable":true,"href":"https:\/\/botalico.com\/index.php\/wp-json\/wp\/v2\/product_tag?post=924"}],"curies":[{"name":"wp","href":"https:\/\/api.w.org\/{rel}","templated":true}]}}