{"id":921,"date":"2026-02-26T11:46:43","date_gmt":"2026-02-26T11:46:43","guid":{"rendered":"https:\/\/botalico.com\/?post_type=product&#038;p=921"},"modified":"2026-02-26T12:12:40","modified_gmt":"2026-02-26T12:12:40","slug":"planta-de-zamarrilla-de-mar-teucrium-arenarium","status":"publish","type":"product","link":"https:\/\/botalico.com\/index.php\/producto\/planta-de-zamarrilla-de-mar-teucrium-arenarium\/","title":{"rendered":"Planta de Zamarrilla de mar | Teucrium arenarium"},"content":{"rendered":"<p>La <strong data-start=\"105\" data-end=\"126\">Zamarrilla de mar<\/strong> (<em data-start=\"128\" data-end=\"148\">Teucrium arenarium<\/em>) es un peque\u00f1o arbusto perenne t\u00edpico de zonas costeras y arenosas. Tiene <strong data-start=\"223\" data-end=\"261\">hojas verdes peque\u00f1as y arom\u00e1ticas<\/strong> y produce flores lilas o rosadas que atraen insectos polinizadores.<\/p>\n","protected":false},"excerpt":{"rendered":"<p>La Zamarrilla de mar (Teucrium arenarium) es un peque\u00f1o arbusto perenne t\u00edpico de zonas costeras y arenosas. Tiene hojas verdes peque\u00f1as y arom\u00e1ticas y produce flores lilas o rosadas que atraen insectos polinizadores.<\/p>\n","protected":false},"featured_media":970,"comment_status":"open","ping_status":"closed","template":"","meta":{"_et_pb_use_builder":"","_et_pb_old_content":"","_et_gb_content_width":""},"product_brand":[],"product_cat":[15],"product_tag":[],"class_list":{"0":"post-921","1":"product","2":"type-product","3":"status-publish","4":"has-post-thumbnail","6":"product_cat-sin-categorizar","8":"first","9":"instock","10":"shipping-taxable","11":"purchasable","12":"product-type-simple"},"jetpack_sharing_enabled":true,"_links":{"self":[{"href":"https:\/\/botalico.com\/index.php\/wp-json\/wp\/v2\/product\/921","targetHints":{"allow":["GET"]}}],"collection":[{"href":"https:\/\/botalico.com\/index.php\/wp-json\/wp\/v2\/product"}],"about":[{"href":"https:\/\/botalico.com\/index.php\/wp-json\/wp\/v2\/types\/product"}],"replies":[{"embeddable":true,"href":"https:\/\/botalico.com\/index.php\/wp-json\/wp\/v2\/comments?post=921"}],"wp:featuredmedia":[{"embeddable":true,"href":"https:\/\/botalico.com\/index.php\/wp-json\/wp\/v2\/media\/970"}],"wp:attachment":[{"href":"https:\/\/botalico.com\/index.php\/wp-json\/wp\/v2\/media?parent=921"}],"wp:term":[{"taxonomy":"product_brand","embeddable":true,"href":"https:\/\/botalico.com\/index.php\/wp-json\/wp\/v2\/product_brand?post=921"},{"taxonomy":"product_cat","embeddable":true,"href":"https:\/\/botalico.com\/index.php\/wp-json\/wp\/v2\/product_cat?post=921"},{"taxonomy":"product_tag","embeddable":true,"href":"https:\/\/botalico.com\/index.php\/wp-json\/wp\/v2\/product_tag?post=921"}],"curies":[{"name":"wp","href":"https:\/\/api.w.org\/{rel}","templated":true}]}}