{"id":908,"date":"2026-02-26T11:46:40","date_gmt":"2026-02-26T11:46:40","guid":{"rendered":"https:\/\/botalico.com\/?post_type=product&#038;p=908"},"modified":"2026-03-11T10:22:39","modified_gmt":"2026-03-11T10:22:39","slug":"planta-de-veronica-comun-veronica-officinalis","status":"publish","type":"product","link":"https:\/\/botalico.com\/index.php\/producto\/planta-de-veronica-comun-veronica-officinalis\/","title":{"rendered":"Planta de Ver\u00f3nica com\u00fan | Veronica officinalis"},"content":{"rendered":"<p>La <strong data-start=\"102\" data-end=\"120\">Ver\u00f3nica com\u00fan<\/strong> (<em data-start=\"122\" data-end=\"144\">Veronica officinalis<\/em>) es una <strong data-start=\"153\" data-end=\"180\">planta herb\u00e1cea perenne<\/strong> de peque\u00f1o tama\u00f1o. Tiene <strong data-start=\"206\" data-end=\"246\">hojas ovaladas y ligeramente peludas<\/strong> y produce peque\u00f1as flores de color <strong data-start=\"282\" data-end=\"300\">azul o violeta<\/strong> agrupadas en espigas.<\/p>\n","protected":false},"excerpt":{"rendered":"<p>La Ver\u00f3nica com\u00fan (Veronica officinalis) es una planta herb\u00e1cea perenne de peque\u00f1o tama\u00f1o. Tiene hojas ovaladas y ligeramente peludas y produce peque\u00f1as flores de color azul o violeta agrupadas en espigas.<\/p>\n","protected":false},"featured_media":1016,"comment_status":"open","ping_status":"closed","template":"","meta":{"_et_pb_use_builder":"","_et_pb_old_content":"","_et_gb_content_width":""},"product_brand":[],"product_cat":[15],"product_tag":[],"class_list":{"0":"post-908","1":"product","2":"type-product","3":"status-publish","4":"has-post-thumbnail","6":"product_cat-sin-categorizar","8":"first","9":"instock","10":"shipping-taxable","11":"purchasable","12":"product-type-simple"},"jetpack_sharing_enabled":true,"_links":{"self":[{"href":"https:\/\/botalico.com\/index.php\/wp-json\/wp\/v2\/product\/908","targetHints":{"allow":["GET"]}}],"collection":[{"href":"https:\/\/botalico.com\/index.php\/wp-json\/wp\/v2\/product"}],"about":[{"href":"https:\/\/botalico.com\/index.php\/wp-json\/wp\/v2\/types\/product"}],"replies":[{"embeddable":true,"href":"https:\/\/botalico.com\/index.php\/wp-json\/wp\/v2\/comments?post=908"}],"wp:featuredmedia":[{"embeddable":true,"href":"https:\/\/botalico.com\/index.php\/wp-json\/wp\/v2\/media\/1016"}],"wp:attachment":[{"href":"https:\/\/botalico.com\/index.php\/wp-json\/wp\/v2\/media?parent=908"}],"wp:term":[{"taxonomy":"product_brand","embeddable":true,"href":"https:\/\/botalico.com\/index.php\/wp-json\/wp\/v2\/product_brand?post=908"},{"taxonomy":"product_cat","embeddable":true,"href":"https:\/\/botalico.com\/index.php\/wp-json\/wp\/v2\/product_cat?post=908"},{"taxonomy":"product_tag","embeddable":true,"href":"https:\/\/botalico.com\/index.php\/wp-json\/wp\/v2\/product_tag?post=908"}],"curies":[{"name":"wp","href":"https:\/\/api.w.org\/{rel}","templated":true}]}}