{"id":896,"date":"2026-02-26T11:46:38","date_gmt":"2026-02-26T11:46:38","guid":{"rendered":"https:\/\/botalico.com\/?post_type=product&#038;p=896"},"modified":"2026-03-12T12:18:00","modified_gmt":"2026-03-12T12:18:00","slug":"planta-de-una-de-gato-de-roca-sedum-caespitosum","status":"publish","type":"product","link":"https:\/\/botalico.com\/index.php\/producto\/planta-de-una-de-gato-de-roca-sedum-caespitosum\/","title":{"rendered":"Planta de U\u00f1a de gato de roca | Sedum caespitosum"},"content":{"rendered":"<p>La <strong data-start=\"106\" data-end=\"129\">U\u00f1a de Gato de Roca<\/strong> (<em data-start=\"131\" data-end=\"150\">Sedum caespitosum<\/em>) es una <strong data-start=\"159\" data-end=\"187\">planta suculenta perenne<\/strong> de crecimiento bajo y forma <strong data-start=\"216\" data-end=\"237\">coj\u00edn o tapizante<\/strong>. Sus hojas son carnosas, verdes con tonos gris\u00e1ceos, y produce <strong data-start=\"301\" data-end=\"338\">peque\u00f1as flores blancas o rosadas<\/strong> en verano.<\/p>\n","protected":false},"excerpt":{"rendered":"<p>La U\u00f1a de Gato de Roca (Sedum caespitosum) es una planta suculenta perenne de crecimiento bajo y forma coj\u00edn o tapizante. Sus hojas son carnosas, verdes con tonos gris\u00e1ceos, y produce peque\u00f1as flores blancas o rosadas en verano.<\/p>\n","protected":false},"featured_media":1034,"comment_status":"open","ping_status":"closed","template":"","meta":{"_et_pb_use_builder":"","_et_pb_old_content":"","_et_gb_content_width":""},"product_brand":[],"product_cat":[15],"product_tag":[],"class_list":{"0":"post-896","1":"product","2":"type-product","3":"status-publish","4":"has-post-thumbnail","6":"product_cat-sin-categorizar","8":"first","9":"instock","10":"shipping-taxable","11":"purchasable","12":"product-type-simple"},"jetpack_sharing_enabled":true,"_links":{"self":[{"href":"https:\/\/botalico.com\/index.php\/wp-json\/wp\/v2\/product\/896","targetHints":{"allow":["GET"]}}],"collection":[{"href":"https:\/\/botalico.com\/index.php\/wp-json\/wp\/v2\/product"}],"about":[{"href":"https:\/\/botalico.com\/index.php\/wp-json\/wp\/v2\/types\/product"}],"replies":[{"embeddable":true,"href":"https:\/\/botalico.com\/index.php\/wp-json\/wp\/v2\/comments?post=896"}],"wp:featuredmedia":[{"embeddable":true,"href":"https:\/\/botalico.com\/index.php\/wp-json\/wp\/v2\/media\/1034"}],"wp:attachment":[{"href":"https:\/\/botalico.com\/index.php\/wp-json\/wp\/v2\/media?parent=896"}],"wp:term":[{"taxonomy":"product_brand","embeddable":true,"href":"https:\/\/botalico.com\/index.php\/wp-json\/wp\/v2\/product_brand?post=896"},{"taxonomy":"product_cat","embeddable":true,"href":"https:\/\/botalico.com\/index.php\/wp-json\/wp\/v2\/product_cat?post=896"},{"taxonomy":"product_tag","embeddable":true,"href":"https:\/\/botalico.com\/index.php\/wp-json\/wp\/v2\/product_tag?post=896"}],"curies":[{"name":"wp","href":"https:\/\/api.w.org\/{rel}","templated":true}]}}